 the remainder when 4353925 is divided by 82?
53
Calculate the remainder when 9057478 is divided by 599.
598
What is the remainder when 619165 is divided by 1754?
3
What is the remainder when 30066499 is divided by 3758310?
19
What is the remainder when 713495 is divided by 44593?
7
Calculate the remainder when 47757 is divided by 22806.
2145
What is the remainder when 1491133 is divided by 340?
233
What is the remainder when 3490616 is divided by 1993?
873
Calculate the remainder when 67247 is divided by 67166.
81
Calculate the remainder when 6281002 is divided by 314020.
602
Calculate the remainder when 38987212 is divided by 2722.
6
Calculate the remainder when 2698075 is divided by 584.
579
Calculate the remainder when 206555 is divided by 68832.
59
What is the remainder when 580085998 is divided by 592?
590
Calculate the remainder when 5050127 is divided by 728.
719
What is the remainder when 29236 is divided by 1839?
1651
Calculate the remainder when 222233 is divided by 55289.
1077
Calculate the remainder when 177241501 is divided by 4966.
4961
Calculate the remainder when 20211983 is divided by 61.
60
Calculate the remainder when 738680 is divided by 738562.
118
Calculate the remainder when 480476 is divided by 120111.
32
What is the remainder when 20159602 is divided by 162?
160
Calculate the remainder when 14957253 is divided by 38951.
69
Calculate the remainder when 6992 is divided by 6906.
86
Calculate the remainder when 1069907 is divided by 32.
19
Calculate the remainder when 641605 is divided by 253.
250
Calculate the remainder when 154112 is divided by 2971.
2591
Calculate the remainder when 50380 is divided by 16779.
43
Calculate the remainder when 50782 is divided by 1933.
524
Calculate the remainder when 106428867 is divided by 27.
24
Calculate the remainder when 58324 is divided by 6553.
5900
Calculate the remainder when 49908628 is divided by 19.
17
Calculate the remainder when 32696267 is divided by 2425.
2417
Calculate the remainder when 127983065 is divided by 283.
277
What is the remainder when 5847358 is divided by 97?
4
Calculate the remainder when 565424 is divided by 51402.
2
Calculate the remainder when 501732 is divided by 29503.
181
Calculate the remainder when 6372670 is divided by 284.
278
Calculate the remainder when 20761698 is divided by 519042.
18
What is the remainder when 960020 is divided by 221?
217
What is the remainder when 17554 is divided by 123?
88
What is the remainder when 9121068 is divided by 1145?
1143
Calculate the remainder when 277172 is divided by 959.
21
Calculate the remainder when 2049837 is divided by 161.
146
Calculate the remainder when 106894 is divided by 936.
190
What is the remainder when 208586 is divided by 71?
59
What is the remainder when 4620097 is divided by 660013?
6
What is the remainder when 8194121 is divided by 58?
55
Calculate the remainder when 17897513 is divided by 87.
47
Calculate the remainder when 36344480 is divided by 594.
590
Calculate the remainder when 66354 is divided by 32356.
1642
What is the remainder when 16124484 is divided by 4916?
4
What is the remainder when 12832219 is divided by 366634?
29
What is the remainder when 7733321 is divided by 12?
5
What is the remainder when 133797 is divided by 830?
167
Calculate the remainder when 87640 is divided by 765.
430
Calculate the remainder when 266345 is divided by 567.
422
What is the remainder when 21165340 is divided by 96206?
20
Calculate the remainder when 308570260 is divided by 3237.
3235
Calculate the remainder when 5230654 is divided by 37.
1
Calculate the remainder when 4277830 is divided by 1571.
1568
Calculate the remainder when 369093074 is divided by 3473.
3472
What is the remainder when 42737 is divided by 1166?
761
What is the remainder when 2204633 is divided by 314924?
165
What is the remainder when 25018 is divided by 119?
28
Calculate the remainder when 84205027 is divided by 51.
49
What is the remainder when 77977 is divided by 69177?
8800
Calculate the remainder when 29323252 is divided by 1274924.
0
Calculate the remainder when 533006 is divided by 1129.
118
Calculate the remainder when 33157600 is divided by 6.
4
Calculate the remainder when 6960316 is divided by 2319966.
418
What is the remainder when 16535613 is divided by 6?
3
What is the remainder when 348244 is divided by 49115?
4439
What is the remainder when 4464230 is divided by 2287?
6
Calculate the remainder when 9537651 is divided by 331.
217
What is the remainder when 7600601 is divided by 110153?
44
What is the remainder when 230435 is divided by 113527?
3381
What is the remainder when 107923460 is divided by 24?
20
What is the remainder when 675149 is divided by 154?
13
What is the remainder when 19510037 is divided by 1603?
1527
Calculate the remainder when 1572813 is divided by 1057.
1054
What is the remainder when 27719 is divided by 23105?
4614
Calculate the remainder when 51835 is divided by 1481.
0
What is the remainder when 16941869 is divided by 654?
653
What is the remainder when 268022 is divided by 606?
170
Calculate the remainder when 150501 is divided by 1742.
689
What is the remainder when 476979 is divided by 403?
230
Calculate the remainder when 10242 is divided by 123.
33
What is the remainder when 175750294 is divided by 499?
498
Calculate the remainder when 3988 is divided by 818.
716
Calculate the remainder when 3072596 is divided by 296.
116
What is the remainder when 6712539 is divided by 2049?
15
Calculate the remainder when 2567035 is divided by 576.
379
What is the remainder when 996237 is divided by 27?
18
Calculate the remainder when 37673854 is divided by 176.
174
What is the remainder when 579436 is divided by 823?
44
What is the remainder when 12419263 is divided by 6209612?
39
Calculate the remainder when 221340747 is divided by 15.
12
What is the remainder when 8907975 is divided by 77?
76
Calculate the remainder when 138633467 is divided by 85.
82
What is the remainder when 2350551 is divided by 3633?
0
Calculate the remainder when 243070 is divided by 707.
569
Calculate the remainder when 74032892 is divided by 44625.
17
Calculate the remainder when 148662 is divided by 35381.
7138
Calculate the remainder when 1574542 is divided by 590.
422
Calculate the remainder when 1202599 is divided by 270.
19
What is the remainder when 43988 is divided by 596?
480
What is the remainder when 10565267 is divided by 519?
503
Calculate the remainder when 6820372 is divided by 8986.
8984
What is the remainder when 1994124 is divided by 265?
264
What is the remainder when 1584319 is divided by 6274?
3271
Calculate the remainder when 14851141 is divided by 429.
19
What is the remainder when 210778263 is divided by 210?
3
Calculate the remainder when 10922 is divided by 171.
149
Calculate the remainder when 342329 is divided by 5780.
1309
What is the remainder when 1425073 is divided by 5545?
8
What is the remainder when 4345570 is divided by 71?
15
What is the remainder when 589684241 is divided by 6697?
6694
What is the remainder when 142706350 is divided by 92?
90
Calculate the remainder when 6650085 is divided by 10231.
10166
What is the remainder when 29042 is divided by 5768?
202
Calculate the remainder when 4166597 is divided by 51.
50
Calculate the remainder when 681371 is divided by 444.
275
What is the remainder when 43249979 is divided by 15?
14
Calculate the remainder when 4945041 is divided by 93302.
35
What is the remainder when 24235 is divided by 12112?
11
What is the remainder when 2826345 is divided by 65?
15
What is the remainder when 433144369 is divided by 13?
8
What is the remainder when 4744777 is divided by 2902?
7
What is the remainder when 356645 is divided by 1849?
1637
What is the remainder when 16574 is divided by 1316?
782
What is the remainder when 81483 is divided by 106?
75
Calculate the remainder when 6033902 is divided by 18.
14
What is the remainder when 16568196 is divided by 240118?
54
What is the remainder when 1207183 is divided by 5009?
14
Calculate the remainder when 57003 is divided by 28490.
23
Calculate the remainder when 7626603 is divided by 1906602.
195
Calculate the remainder when 4718167 is divided by 825.
817
Calculate the remainder when 4572717 is